is the remainder when a is divided by (-3)/(74/(-34) - -2)?
14
Let d = -430 + 464. Calculate the remainder when 134 is divided by d.
32
Let d(u) = u + 28. What is the remainder when 56 is divided by d(-11)?
5
Suppose 4*a - 7 + 19 = 0. Suppose -3 = 14*p - 11*p. What is the remainder when 10 + a + (p - -3) is divided by 5?
4
Let b(r) = r**2 - 8*r + 2. Let l be b(8). Suppose -5*i + i = -x + 28, 5*x = -l*i + 184. What is the remainder when x is divided by 4/(-10) + (-124)/(-10) + 1?
10
Suppose 0 = 547*m - 540*m - 413. Calculate the remainder when 882 is divided by m.
56
Suppose -2*g - 3*o - 193 = -6*g, 2*g - 2*o = 98. Calculate the remainder when g is divided by ((-99)/22)/((-6)/32).
22
Let c(s) = -s + 10. Suppose 3*n - n = -30. Calculate the remainder when c(n) is divided by 8.
1
Let z(y) = -y**2 + 8*y + 21. Calculate the remainder when 226 is divided by z(9).
10
Let z(p) = -p**2 - 2*p - 7. Let d be z(5). What is the remainder when (d/(-5))/((-2)/(-10)) is divided by (30 - -3)*(-6)/(-18)?
9
Suppose 4*i = 7*i. Suppose 0*y - 3*y + p + 16 = i, -y + 2*p = 3. Let a(q) = q + 4. Calculate the remainder when 65 is divided by a(y).
10
Let m(w) = w**3 + 9*w**2 - 3*w - 4. Let v be m(-8). Suppose -7*a + v = -3*a. Calculate the remainder when 83 is divided by a.
20
Let t(u) be the second derivative of -2/5*u**5 - 4*u + 2/3*u**3 + 0 + 1/6*u**4 + u**2. Calculate the remainder when t(-2) is divided by 23.
20
Let x = 155 - 30. What is the remainder when x is divided by 65?
60
Let l = -197 + 211. Calculate the remainder when l is divided by 5.
4
Let z(o) = 9*o + 25. Let p be z(-11). Let a = p - -113. Calculate the remainder when 150 is divided by a.
33
Let p(w) = 2*w**2 + 14*w + 4. What is the remainder when 27 is divided by p(-7)?
3
Let v(i) = 2*i**2 - 2*i - 1. What is the remainder when 88 is divided by v(4)?
19
Let r be 4 + 16/10 + 22/55. Suppose 3*s - r = 0, -m + 4*m - 125 = 2*s. What is the remainder when m is divided by 12?
7
Let r(p) = 2*p + 37. Calculate the remainder when r(-7) is divided by 13 + 2/(-4)*0.
10
Let k(g) = g**2 + 62*g - 297. What is the remainder when (-4)/(-8) - 225/(-2) is divided by k(-67)?
37
Calculate the remainder when (-70)/(((-14)/(-2))/(-7)) + 6 is divided by 8.
4
What is the remainder when 3*55 + (-9)/((-45)/10) is divided by 85?
82
Suppose 0*x - h = x - 98, h + 205 = 2*x. What is the remainder when x is divided by 13?
10
Let u be (-8)/(-20) - (338/(-5) + 1). Let h = u + -40. Calculate the remainder when h is divided by 14.
13
Suppose -26*n + 1085 = -7. Suppose -2*p + 107 = 4*l + p, 0 = 5*l - 5*p - 90. Calculate the remainder when n is divided by l.
19
Suppose -3*l + 6*l - 75 = 0. Calculate the remainder when l is divided by ((5 - 12) + 11)*(-7)/(-4).
4
Let y(r) = r**2 + 21*r + 77. What is the remainder when 30 is divided by y(-17)?
3
Suppose -3*i + 2*u + 33 = 2, -2*u = 4*i - 46. Suppose -4*y + i = g - 16, -5*y + g = -45. Calculate the remainder when 88/6 + 2/(-3) is divided by y.
6
What is the remainder when 2231 is divided by ((-31)/(-6))/(-7 + (-602)/(-84))?
30
Suppose 277 + 360 = 7*f. Let o = f - 50. What is the remainder when o is divided by 16?
9
Let c be (-2 - -62)*(-10)/(-4). Suppose 0 = -2*v + 2*l - 80, -c = 3*v + 4*l - l. What is the remainder when 37 is divided by (v/(-6))/(3/4)?
7
Suppose a = -0*a + 10. Let c = -8 + a. Suppose -25 = -3*b + c*j, -7*j + 31 = b - 2*j. Calculate the remainder when 42 is divided by b.
9
Suppose 3*h - 62 = -5*u, -2 - 21 = -2*u - 3*h. What is the remainder when 19 is divided by u?
6
Let c = 526 + -373. Let v be 4/(-6) + 2/3. Suppose 3*i - c = -v*i. Calculate the remainder when i is divided by 18.
15
Let a(r) = 2*r**2 - 3*r + 1. Let k = 11 + -11. Suppose -p = 3*p - 3*s - 176, 5*p + 2*s - 197 = k. What is the remainder when p is divided by a(4)?
20
Suppose 0 = -x - x + 10, -2*o + 4*x + 26 = 0. Suppose -4*y = 15 - 3. What is the remainder when (48 - (-1 - -2)) + y is divided by o?
21
Suppose -68*p + 76 = -66*p. Calculate the remainder when 59 is divided by p.
21
Let r = -256 + 264. Let v(z) = -z + 5. Let g be v(6). Let l = r + g. Calculate the remainder when 19 is divided by l.
5
Let q(f) = 12*f**3 - f**2 - f + 1. Suppose 0 = d + 4*n - 1, d + n + 3 = 4*d. What is the remainder when 41 is divided by q(d)?
8
Suppose 0*o - 2*t = 4*o - 32, 0 = -5*o - t + 43. Let n = o + -6. Suppose 2*j - 3*q + n = 8, 5 = 5*q. What is the remainder when 4 is divided by j?
0
Let n(k) = -38*k + 117. Let v be -1*(-3 + (0 - -2)). Suppose 0*o = o - v. Calculate the remainder when n(3) is divided by o.
0
Let p be -3 + 24/4 - -2. Let r(a) = a - 1. Let t be r(p). Calculate the remainder when 20 is divided by 6/t*(-132)/(-18).
9
Suppose 2*k - 46 = 2*z, -2*z - 100 = -0*k - 4*k. Suppose 26*v = 20*v + 108. Calculate the remainder when k is divided by v.
9
Let u = -24 - 36. Let f = u + 88. Suppose c + 371 = 3*h + 43, 5*h - 3*c - 548 = 0. Calculate the remainder when h is divided by f.
25
Let i(o) = 3*o**2 + 2*o - 2. Let f = 258 + -218. Calculate the remainder when f is divided by i(2).
12
Suppose 4*l - 90 = 2*l. Suppose -4*k - l = -k. Calculate the remainder when 16 is divided by (-160)/k + 2/(-3).
6
Let r(n) = n**3 - 4*n**2 - 6*n - 11. Calculate the remainder when 42 is divided by r(6).
17
Let v(o) = -o**3 - 2*o**2 + 4*o - 13. Let k be v(-4). Suppose 657 = -k*q + 12*q. Calculate the remainder when q is divided by 20.
13
Let s(g) = g**2 + 6*g + 5. Let f be s(-8). Suppose -2*b + f - 61 = 0. Let q = b + 41. Calculate the remainder when q is divided by 12.
9
Let g(n) = -31*n - 150. What is the remainder when g(-7) is divided by 17?
16
Let s be (-8)/(-24) + (-242)/6. Let v = -46 + s. Let o = -51 - v. Calculate the remainder when o is divided by 12.
11
Let y(c) = -c + 8. Let g be y(-5). Suppose 18*a = g*a + 30. Calculate the remainder when 13 is divided by a.
1
Let h(u) = u**2 + 49*u + 602. Let t(n) = -2*n + 1. Let k be t(-1). Suppose 17 = k*x + 3*w - 58, -4*w = 0. What is the remainder when x is divided by h(-28)?
11
Suppose 0 = c - y + 297, -3*c - 2*y + 3*y - 899 = 0. Let n = c - -596. Suppose 6*h = h + n. What is the remainder when h is divided by 15?
14
Let b = -26 - -43. Let x(j) = -j**3 + 17*j**2 + 3*j - 33. Calculate the remainder when x(b) is divided by 54/10 - 4/10.
3
Calculate the remainder when 382 is divided by 6/(-33)*-353 + (-14)/77.
62
Calculate the remainder when 107/((-2)/(-5 + 3 - 0)) is divided by 18.
17
Let r(b) = -3*b**2 - 11*b + 40. Let n(f) = f**2 + 6*f - 20. Let u(s) = -9*n(s) - 4*r(s). What is the remainder when u(7) is divided by 25?
22
Let s(h) = -h**2 + 6*h - 5. Let d be s(3). Suppose 0 = -3*x - 9, d*x - 39 - 28 = -u. What is the remainder when u is divided by 21?
16
Let m = -476 - -510. Let s(i) = -50*i + 4. Calculate the remainder when s(-6) is divided by m.
32
Let b(w) = -4*w - 2 - 2 - 3 + 0 + w**2. Let t be b(5). What is the remainder when 61 is divided by (-21)/(2/(0 + t))?
19
Let h(r) = -r**3 + 8*r**2 - 7*r + 6. Let v be h(7). Suppose 0*s + 276 = v*s. Calculate the remainder when s is divided by 10.
6
Let j = 67 - 57. Suppose 3*u = j*u - 336. Calculate the remainder when u is divided by 106/8 - (-2)/(-8).
9
Suppose -4*v + 7*v - 6 = 0. Suppose 4*i = -v*i. Suppose 5*d - 5*z - 121 - 164 = 0, 4*d + 5*z - 210 = i. What is the remainder when d is divided by 29?
26
Let h = 9 - 4. Suppose 0 = h*j + 3*t - 35, -3*j + 4*t + 11 + 10 = 0. Calculate the remainder when 1*4*69/12 is divided by j.
2
Let j(m) = 7*m**2 - 4*m + 15. Suppose 17*b - 265 = 12*b. What is the remainder when j(-5) is divided by b?
51
Suppose -s = -5*k - 12, 0 = -s - 4*s - 5*k - 30. What is the remainder when 89 is divided by ((-7)/s + 3)/((-5)/(-30))?
25
Suppose 2*s + 3*b = 17 + 8, 0 = 5*b + 25. What is the remainder when 44 is divided by s?
4
Let a = -995 + 1015. What is the remainder when 1597 is divided by a?
17
Suppose 3*h - 8 = -3*r + 19, 3*h = 4*r - 22. Calculate the remainder when r is divided by 7.
0
Let m(x) = 4*x**3 - 4*x + 5. Let j(s) = s**3 + s**2 + s + 1. Let n(r) = -2*j(r) + m(r). What is the remainder when 40 is divided by n(3)?
19
Suppose -33*g + 53*g = 100. Calculate the remainder when 25 is divided by g.
0
Suppose -2*c = -3*p - 119, p = 4*c - 2*c - 113. Suppose 4*h - 44 = -0*h + 3*q, 5*h + 4*q = c. What is the remainder wh